k(m) = -4*m + 2 - 3*m - 3. What are the prime factors of k(h)?
2, 3
Let w = -8 + 13. Let y(v) = w*v + 3 - 4*v + 3. List the prime factors of y(6).
2, 3
Let t = 2 - 2. Suppose 16 = 2*o - 7*i + 4*i, -o + 15 = -5*i. Suppose t = b + o*s - 2, 0 = b + s - 6*s - 22. What are the prime factors of b?
2, 3
Let c be ((-11)/22)/(1/(-114)). Suppose -c = -4*b + b. List the prime factors of b.
19
Suppose -5*a = -1095 - 0. What are the prime factors of a?
3, 73
Let l(k) = 5*k**2 + 3*k + 12. Let x(g) = -g**2 - g - 1. Let p(w) = l(w) + 4*x(w). List the prime factors of p(0).
2
Suppose 4*k = r + 1352, -5*r + 30 - 10 = 0. What are the prime factors of k?
3, 113
Let c = -5 - -4. What are the prime factors of 53/((c - -2) + 0)?
53
Suppose -11 = -p - 3*z, 4*z - 9 = p + 1. Suppose 5*l + 20 = 60. Suppose -l = -3*o + p*o. What are the prime factors of o?
2
Suppose -29 = -5*y + t, -3*t + t + 12 = 4*y. Suppose -5*q + y = -0. What are the prime factors of (7/2)/(q/2)?
7
Suppose 0*w - 3*w + 21 = 0. Let m = w + 7. List the prime factors of m.
2, 7
Suppose q - 3*q - 4*x = -78, -5*q + 159 = -2*x. List the prime factors of q.
3, 11
Let q(w) = 0 - w - w**2 - 2*w**3 + w**3 + 18. Let x be q(0). List the prime factors of (x - 0)*(-3)/(-6).
3
Let p = 52 + -34. What are the prime factors of p/15*(-150)/(-9)?
2, 5
Suppose -4*i + 5*b + 154 = -3*i, i - 175 = -2*b. List the prime factors of i.
13
What are the prime factors of 23*(-10)/(-2) - 3?
2, 7
Suppose 10*s - 1502 = 828. List the prime factors of s.
233
Suppose -5*i + 2*i = -288. List the prime factors of i.
2, 3
Let u(w) = w**2 - 4*w + 3. Let q be u(4). Suppose -y + 2*r + 2 = 0, y - 33 = -q*y + 3*r. What are the prime factors of y?
2, 3
Let q be (-6)/2 - -3 - -120. What are the prime factors of (2/(-4))/((-4)/q)?
3, 5
Suppose 4*m - 2*i - 7 = -5*i, 3*m - i = 15. What are the prime factors of m?
2
What are the prime factors of 145/(-20)*-2*4?
2, 29
Let c be 4/1*(1 - 0). Let w be -1 - -1 - 40/c. List the prime factors of (-3)/(-3) - w - -1.
2, 3
Suppose j = 2*j - 2. Let p(n) = -3*n**2 - 3*n + 2*n**j - 6*n**3 - 1 + 2*n. What are the prime factors of p(-1)?
5
List the prime factors of (15 - 14) + 59*1.
2, 3, 5
Suppose z = -w + 10, -w = 3*z - 14 - 0. Suppose 0 = w*a - 6*a - 30. What are the prime factors of a?
3, 5
Let x(r) = r**2 + 8*r + 7. Let z(s) = 2*s**2 + 16*s + 13. Let y(v) = 5*x(v) - 3*z(v). Let u be y(-6). List the prime factors of 2*2*26/u.
13
Let x(h) be the second derivative of h**4/12 + 3*h**3/2 - 3*h**2 - 4*h. What are the prime factors of x(-10)?
2
Let b(h) be the first derivative of -h**3/3 + h**2/2 + 12*h + 2. Let k(s) = -s - 6. Let i be k(-6). List the prime factors of b(i).
2, 3
Suppose d - 6*d + 60 = 0. Let n = d - 8. Suppose -n*r + 5*x + 66 = 11, 3*r - 49 = -4*x. What are the prime factors of r?
3, 5
List the prime factors of (-2783)/(-44) - (-1)/(-4).
3, 7
Let x = -84 + 197. What are the prime factors of x?
113
Let k(j) = 7*j + 14. List the prime factors of k(6).
2, 7
Suppose -25 = -2*d + 31. List the prime factors of d.
2, 7
Suppose 0 = 3*l + 5*f - 368, 4*f = 3*l - 0*f - 332. Suppose -l = -5*x + x. List the prime factors of x.
29
Let c = 18 - 34. Let f = -2 - c. What are the prime factors of f?
2, 7
Suppose -2*g + 135 = 11. What are the prime factors of g?
2, 31
Suppose 4*n = 5*n - 4*u - 219, -5*u - 20 = 0. What are the prime factors of n?
7, 29
Let h be 1/(-3) + 96/(-9). Let v be 4/(-2 + (-32)/(-18)). Let u = h - v. List the prime factors of u.
7
Let a(f) = -3*f. Let b be a(-2). Let y(c) be the third derivative of c**6/120 - c**5/12 - c**4/6 + 2*c**3/3 + c**2. What are the prime factors of y(b)?
2
Suppose -n + 33 + 37 = 0. Suppose -16 = 3*w - n. What are the prime factors of w?
2, 3
Suppose 4*m = 2*n - 10, -5*m + 18 = n + 6. Suppose 1 = -c - y, -2*c + y + 8 = 22. Let f = n + c. What are the prime factors of f?
2
Let q(a) be the first derivative of -a**4/4 - 4*a**3/3 - 5*a**2/2 - 3*a - 2. Let h be q(-3). Let k = h - -8. List the prime factors of k.
11
Suppose 5*f + 4*y - 238 = 0, -4*f - 2*y = y - 191. What are the prime factors of f?
2, 5
Suppose -5*w - 5*b + 5 = 0, -w + 21 = -2*b - 2*b. Let m = 15 - w. List the prime factors of m.
2, 5
Let j be ((-20)/(-15))/(3/9). Suppose 0*g = -3*g + 9. Suppose 5*b - 95 = -g*z, -4*z = j*b - 0*z - 84. What are the prime factors of b?
2
Let i = -20 + 50. List the prime factors of i.
2, 3, 5
Let f = 85 + -59. List the prime factors of f.
2, 13
Let h = -20 - -20. Suppose j - 11 - 5 = h. What are the prime factors of j?
2
Suppose -d + 4 = 0, -2*o + 34 = d + d. What are the prime factors of o?
13
Let k = -124 + 173. Suppose 5*v - k = 66. List the prime factors of v.
23
Let q be 195/21 - (-2)/(-7). Suppose q = 4*z + 1. What are the prime factors of z?
2
List the prime factors of 116 - ((-32)/(-80) - (-3)/5).
5, 23
Let f be (2 - (-10)/(-6))*12. Suppose 4 = -2*a + f*a. Suppose 2*y - 16 = -a*y, -4*y = -5*n - 6. List the prime factors of n.
2
Let t(g) = -g**3 - 3*g**2 - 4*g - 4. Let x be t(-3). Suppose -4*z - 24 - x = 0. What are the prime factors of z/(-36) + 140/18?
2
Let l = 9 - -3. Suppose 2*a - f = 21, 0 = 4*f - 8 - l. What are the prime factors of a + 4 - 2*-1?
19
Let y(t) = -t**3 - 10*t**2 + 10*t - 13. List the prime factors of y(-12).
5, 31
Let n(f) = -f**2 + 3*f + 6. Let i(t) = 3*t + 5. Let o(b) = 3*i(b) - 2*n(b). List the prime factors of o(-2).
5
Let g(b) = 5*b + 10. Let a be g(-5). Let i = 6 - a. What are the prime factors of i?
3, 7
Let s be (-34)/6 - 2/6. Let z be s/2*(-4)/(-3). What are the prime factors of (-3 + 1)/(1/z)?
2
Let d(r) = -r**2 - 5*r - 2. Let q be d(-5). Let n be 6/4*(4 + q). Suppose -4*m + n*m = -15. What are the prime factors of m?
3, 5
Let y(u) = -u + 4. Let x be y(4). Let d be (-3)/(3/4 + x). List the prime factors of (20/8)/((-2)/d).
5
Suppose u - 293 = -109. List the prime factors of 1/(-3) - u/(-12).
3, 5
Suppose 5*y + 68 - 243 = 0. List the prime factors of y.
5, 7
Suppose -3*f - 39 = -5*l, -5*f - 2*l - 79 = 17. List the prime factors of (-46)/(-6) - 6/f.
2
What are the prime factors of 57 - ((-14)/77 + 26/22)?
2, 7
Let i be (-2)/(1/((-39)/2)). Suppose 3*b - i = -2*n, -2*n - 5*b + 68 = 19. List the prime factors of n.
2, 3
Suppose -3*s = -4 - 2, -3*l + 314 = 4*s. List the prime factors of l.
2, 3, 17
Suppose -3*w - 2 - 28 = 0. Let u be 76/w - (-2)/(-5). List the prime factors of 30/u*4/(-1).
3, 5
Let b(n) = -1. Let o(z) = 3*z + 4. Let s(i) = 4*b(i) + o(i). What are the prime factors of s(6)?
2, 3
Suppose 0 = 48*x - 53*x + 445. What are the prime factors of x?
89
Let w be (-3)/(-1 - (-2)/(-4)). Let c = w + -2. List the prime factors of -2 - c - (-9 - 1).
2
Let d = 501 + -286. List the prime factors of d.
5, 43
Let r be (-3 + -2)/(-1*1). Let y be 6/(-4) + (-1)/2. Let d = r + y. What are the prime factors of d?
3
Suppose -48 = -6*u + 2*u. Suppose -u = -t - 3. Let x = t + 4. List the prime factors of x.
13
Let u(d) = d**3 + 4*d**2 + 2*d + 3. Suppose 0 = 7*y - 2*y + 15. What are the prime factors of u(y)?
2, 3
Suppose 5 = 2*n - 19. Let u = 28 - n. What are the prime factors of u?
2
Suppose -4*i + 0*i = 0. Suppose i = 3*r - 4*n - 51, -3*r + r - 5*n = -11. What are the prime factors of r?
13
Suppose 4*n - 49 = 3*a, 2*a = 3*n - 10 - 27. What are the prime factors of n?
13
Suppose -6 + 5 = -z. List the prime factors of ((-38)/4)/(z/(-2)).
19
Let u(w) = 41*w. Let d be u(1). Suppose -4*l - l - n + 147 = 0, 5*n = 3*l - 77. Let f = d - l. List the prime factors of f.
2, 3
Suppose 0 + 2 = 2*u, -28 = -4*c + 4*u. Suppose -c - 39 = -i. List the prime factors of i.
47
Suppose 2*x = -0*x + 12. List the prime factors of x.
2, 3
Suppose 0 = 5*n - 0*n - 70. Let y = 37 - n. List the prime factors of y.
23
Let q(d) = -d**3 + 3*d**2 - 1. Let y be q(2). Suppose i = -y, 3*i = 5*s - 0*s - 24. Suppose s*l - 4 - 59 = 0. List the prime factors of l.
3, 7
Let s(i) = -i**3 - 5*i**2 - 5*i - 2. Let b be s(-4). Suppose -b*w = -w. Suppose -3*l = -w*l - 12. List the prime factors of l.
2
Let f(g) = -g**2 - 11*g - 8. Let y(t) = -t**3 + 3*t**2 - 3*t - 1. Let u be y(3). Let v be f(u). Let p(b) = 3*b - 1. What are the prime factors of p(v)?
5
Suppose -3*u - m = -0*u - 258, 5*u - 431 = -2*m. What are the prime factors of u?
5, 17
What are the prime factors of (-4)/(-6)*4*6?
2
What are the 